)) + -105).
85
What is -10 - (2 - 1) - (-35 + (3 - 11) + 29)?
3
What is the value of 0 + 44 + -3 + -5 + 0?
36
Evaluate 5 + (-15 - -6) + (2821 - 2854).
-37
Calculate (8 - 85) + (-15 - (-13 + -30)).
-49
What is -46 - 22 - 21 - (8 + -3 + -10)?
-84
Evaluate 25 + (-57 - -34) - (20 - -2).
-20
What is -2 + (7 - 31) + 19 + (-24 - 0)?
-31
Calculate -3 - (-22 + 170 + -147 + 0 + -14).
10
What is -123 + 126 + (70 - 1) + 5 + 16?
93
-51 + (1 - 5 - 11) - (2 + 9) - -3
-74
1 + 46 + (-4 + 15 - 31) + 20
47
Evaluate -32 + -44 + 98 + -29 + (28 - -2).
23
Evaluate (-84 + -30 - -90) + (0 - (13 - -1)).
-38
What is the value of 12 + (-8 + (5 - 23) - (-6 - 6))?
-2
What is the value of 149 - (116 - (-65 + 59))?
27
What is -1943 + 1929 - (-8 - (3 - 2))?
-5
What is (28 - ((26 - 36) + 36)) + 7?
9
Calculate 41 + ((-36 - -23) + 19 - -15).
62
(54 - -9) + -8 + 3 + -17
41
What is the value of -118 + 88 + -7 + 98?
61
106 - (-2 + -21 - -20) - (8 + 14)
87
What is the value of (17 - (9 - 3)) + (2 - -3) + (49 - 12)?
53
Evaluate (92 - -102) + -120 - 76.
-2
What is the value of 74 + (-13 - (10 - 8) - 8)?
51
Evaluate (36 - -3) + (12 + -20 + 10 - 2).
39
Calculate (-7454 - -7519) + (13 - -2).
80
What is 17 + -6 + (-87 + -1 - (-474 - -469))?
-72
Calculate (-4 - (-2 + (2 - 1))) + 151 + (95 - 210).
33
What is -66 + 65 + (-6 + 10 - 6 - 8) - -33?
22
Calculate -27 + (-27 - -52) + (-6 - (-4 + -57)).
53
Calculate (1 - -6) + 11 + -26 - -99 - 12.
79
-29 - (-25 - (68 - (-10 - -29)))
45
What is the value of 17 + (18 - 26) - 7 - 107?
-105
15 - (-61 + 43 + 9 + 0)
24
0 + (-20 - 46) - ((5 - 8) + -6 + 0)
-57
61 + -188 + 36 - -51
-40
What is 42 - ((-1 - 11) + (10 - (26 + (-3 - 16))))?
51
What is the value of (-10 - (5 - (-3 + 4))) + -4 - -11?
-7
Evaluate -11 + (56 - ((8 - -1) + -9) - (1 + 1)).
43
Evaluate (-5 - 67) + (22 - (-1 + 2 + 12) - 10).
-73
What is (11 + -11 - (-2 - -3 - -5)) + (915 - 833)?
76
Calculate 37 + 0 + -78 + -41 + 109.
27
(37 - -23) + -46 + -39
-25
Evaluate (-598 - -538) + 0 + 15.
-45
Calculate 150 + (2 - 267) + 87.
-28
Evaluate 0 - -7 - (2 + 4 + -1 - 2) - -33.
37
Evaluate -7 + ((9 - -10) + -25 - -1) + -1 + 7.
-6
1 - (1 - 3) - (-52 - (100 + -155))
0
What is the value of 66 - (50 + -29 + 2)?
43
49 + (47 - 38) + 1 + 15 - 0
74
What is 4 - 114 - (-173 + 101)?
-38
What is the value of -13 - (9 - (11 - (-28 + 37)))?
-20
55 - -112 - 84 - 27
56
Calculate (-47 + 11 - -38) + -22.
-20
Evaluate (8 + 0 - 3) + 65 + (-124 - -112).
58
18 + (-69 - 1) - -9 - (9 + 5)
-57
Calculate (5 - 4) + (-8 + -4 - (18 + 92) - -14).
-107
What is the value of 0 - (0 + 56 + (75 + -61 - 13))?
-57
Calculate -57 - (-23 - (-4 + (-22 - 0))).
-60
19 + (-13 - -1 - -8) - ((8 - 4) + -14)
25
What is -97 + (-59 - -328) - 88?
84
Calculate 20 + 0 + (19 - -54 - 86).
7
What is -20 + 27 + -69 + 45 + -44?
-61
Calculate (-10 + -26 + 23 - -25 - (5 + 1)) + -110.
-104
What is the value of (22 - 165) + 53 + 44?
-46
Evaluate 12 + 0 - (-52 + (-10 - -21) - 5).
58
What is the value of (-161 - -81) + -9 + (3 - 0)?
-86
Calculate 4 - ((-18 - -36) + -19) - 21.
-16
16 + 6 - (18 + (6 + -7 - 9))
14
Evaluate 41 + 3 + 0 + 16 + (-254 - -245).
51
Evaluate 16 - ((102 + -86 - (6 - 1)) + 8).
-3
What is 3 - 0 - (67 - 59 - -8)?
-13
(-306 - -327 - (-1 + 1)) + -34
-13
What is -16 + 54 + (41 - 9 - 18)?
52
Evaluate (-1 - 1) + (-6 - 2 - 24) + 21 + 0.
-13
What is (-5 - 21 - -25) + (-32 - -79 - (5 - -1))?
40
What is the value of 9 - (-31 - (17 + -21)) - -5?
41
Evaluate -3 + 15 + 10 + -23 - 10.
-11
What is (-34 - -25) + -6 + 34 + 21 + 11?
51
Calculate 45 + 11 + -34 + -34.
-12
What is 283 - 279 - (3 + 0 + 69)?
-68
What is the value of -4 + 26 - (63 + -22 - 27) - (-1 + -35)?
44
-14 + (-17 - -23 - -10) + -14
-12
What is the value of 14 + (10 - (-2 - -1 - (12 - 25) - -1))?
11
Calculate -201 - -219 - (13 - 6 - 11 - 10).
32
Evaluate (-21 - -5 - 19) + 8.
-27
-3 + 2 + 3 + -660 + 666
8
What is 3 + (-10 - (-17 + 8)) + -3 + 9 - 20?
-12
What is -2572 + 2590 - (3 + (32 - -2))?
-19
What is the value of 6 + (-24 - -26) - (-6 + 6)?
8
Calculate -1461 + 1505 - (-3 + 45).
2
Evaluate -11 + (0 - (-1 - -1)) - (-290 + (206 - 8)).
81
What is the value of 48 + -87 + -18 + (-16 - 31)?
-104
Calculate 57 - (14 + (17 - (16 + 33))).
75
What is the value of -19 + 78 - 28 - 18?
13
Calculate (-2 - -12 - (8 - (9 - -2))) + (-41 - 52).
-80
Evaluate -8 + 76 + -93 + 114.
89
(-76 - (15 - 78) - (0 + -5)) + -98
-106
What is the value of 14 + (-2 - 10) + 27 + -20 + 3?
12
Calculate 13 - ((-1 - (1 + -24)) + (-869 - -867)).
-7
Evaluate -20 - (2 - (-111 - 9 - -37)).
-105
What is the value of 369 - 360 - (5 - (-4 + -5 + 13))?
8
Calculate 724 + -627 + (-1 - (0 - (-4 + (8 - 0)))).
100
What is the value of (30 - 0) + (4 + -5 - -4) - (-153 - -158)?
28
What is -93 + -90 + 159 + (77 - 1)?
52
What is 2555 + -2574 - (0 + -7 - (-6 - (-2 - 3)))?
-13
What is the value of -6 - 2 - (6 - -14 - (5 - -13)) - -5?
-5
(4 - (-2 - (-2 - 6))) + 2 + 28 + -30
-2
Calculate -1 + 21 + -39 + 26 + -20 + 17.
4
What is the value of (-4 - (4 - 0 - 11)) + (-45 - -88 - 106)?
-60
Calculate -404 - -365 - (-34 - 1).
-4
-4 - -7 - -3 - ((-61 + -4 - -7) + -7)
71
What is the value of 13 + -19 - 19 - -38 - (2 + -5)?
16
What is ((-6 + -1 - -3) + 29 - 15) + -97?
-87
2370 - 2474 - (1 - 14)
-91
What is 30 + ((13 - (33 + -13)) + -5 - -9)?
27
What is -100 + (5006 + -5018 - (1 - (0 - -2) - 4))?
-107
What is 7 + (-2 - 27 - -38) + 21?
37
(-10 - (17 - -2)) + 1
-28
Calculate ((5 - 0) + -17 - 4) + 19 + -83.
-80
What is -148 + (22 - 27) - -69?
-84
Evaluate 7 - (-13 + (8 - (10 - 13))) - 16.
-7
-31 + (25 - -1) + 9
4
Evaluate -15 + 1 - (-236 - -200) - 44.
-22
Evaluate 194 + 101 + (-249 - -30).
76
Calculate (6 - 22 - (44 + -30)) + 3.
-27
9 - 2 - (11 - -3 - 12)
5
What is the value of 3 + (8 - 81) + 17 + -4 + (-1 - 21)?
-79
What is the value of (-64 - -81 - (3 + 2) - 6) + -13?
-7
What is (62 - (5 - 3)) + (19 - (76 + -45))?
48
-33 + 30 + -75 + (14 - 1 - (35 - 27))
-73
What is the value of 4 + -1 + 12 - (-83 + 52)?
46
3 + (1 - 2 - -6 - 5) + -13 - -79
69
Calculate (15 - (7 - 5 - 4)) + 88 + -101.
4
Evaluate -9 - -4 - (-8 + (-28 - -21)) - (-2 + 71).
-59
Evaluate 20 + -2 + -3 + -352 + 359.
22
90 + (-7 - 24) - 64
-5
156 + -128 + 4 + 4 + -1
35
What is the value of -298 - -207 - (0 - 2) - -31?
-58
Evaluate 14 - (-288 - -306 - (-2 - -1)).
-5
What is 8 + (5 - (-9 - (-17 + 28)))?
33
What is the value of (-21 - (-40 - 12)) + -14 - 94?
-77
Calculate (17 + -35 - (-7 + 14 + -52)) + 15.
42
Evaluate (2 - 18) + -310 + 304 + 0.
-22
What is the value of 43 + 0 + (-44 - -42)?
41
What is 15 + -17 + -84 - -54?
-32
Evaluate -66 + (-8 - -66) + (12 - -1) - 19.
-14
What is -62 - (1 + -4 + (19 - 4 - 5) - 11)?
-58
Calculate (-7287 - -7221) + 1 + -43 + 0.
-108
Calculate (46 - (23 + 103)) + (2 - 1) + 2 + -1.
-78
Evaluate (-20 + (20 - 16) - -9 - (-3 - -8)) + 18.
6
(-14 - -31 - 48 - 11) + -10
-52
What is 1 + 10 + 149 + -185 + (0 + 8 - -2)?
-15
What is the value of 4 + -29 + 4 - -29 - (-10 - 104)?
122
-39 + 51 + (-2 - 16) + (-44 - -41)
-9
19 - 75 - -71 - 48
-33
Calculate -85 + 60 + 13 + -1 + 2 + 31.
20
What is the value of 69 + 9 - (-48 - -110)?
16
What is (-24 - -83) + -84 + 111?
86
-6 + -4 + 5 - (49 + 32 + -32)
-54
What is -202 + 245 - (36 - 0)?
7
Calculate -287 + -42 + (36 - -152).
-141
Evaluate 0 + -11 + 8 + 10 + 6 + -42 + -4.
-33
Calculate 19 + (-80 - (-31 - (2 + -8))).
-36
Calculate 38 - (53 - (-55 + 54)).
-16
Evaluate 3 - (0 - -1) - 4 - (2454 - 2442).
-14
Calculate 28 + -2 - (30 - (22 + -21)).
-3
Calculate -19 - (128 - 56 - 204).
113
(-7 - 2) + 123 + (-1 - 11 - (100 - 98))
100
(51 - 78) + 29 + -1 + (-1 - -26 - 2)
24
Evaluate -15 - (-69 - ((46 - 5) + -25)) - (2 - 8).
76
What is the value of 8 + (-71 - -8 - (-14 - 24))?
-17
-6 + -1 + -55 - (16 - (31 + -3))
-50
What is 0 + 26 - (-211 + 221)?
16
What is 51 + -55 + 25 - 6?
15
What is the value of -6 + (12 - (1 - -1)) + 26 + -72?
-42
What is the value of 54 - ((32 - 38) + 32)?
28
-8 + -15 + 34 + -1 + 0 + -15 - 81
-86
Evaluate 20 - (-7 + (10 - -3 - -2) + -18).
30
What is the value of -4 + 6 - 54 - (0 + 9 - 15)?
-46
(-8 - 20) + (30 - -38) - -40
80
Calculate 50 + 3 - (-718 + 735).
36
Evaluate (-3 - -5 - (-8 - 22) - -10) + -8.
34
What is the value of -76 - (34 + -7 + -60)?
-43
Calculate -28 - (0 + -15 - -2 - (-32 + 13)).
-34
Calculate -21 + -96 - 32 - -261.
112